 - 11*b - 7. Calculate l(11).
-7
Let p(n) = -12*n + 2. Determine p(1).
-10
Let m(h) = -5*h - 7. Determine m(-6).
23
Let b(l) = 195*l + 1166. What is b(-6)?
-4
Let z(k) = 7*k + 114. Calculate z(-14).
16
Let w(y) = y**2 - 11*y + 15. Determine w(5).
-15
Let g(f) = -f**3 - 9*f**2 + 4*f + 8. Calculate g(-8).
-88
Let z(a) = a**3 - 2*a**2 - 4*a - 6. Give z(5).
49
Let l(a) = a**3 + a**2 - 4*a - 4. Determine l(-5).
-84
Let w(l) = 28*l + 2. Calculate w(1).
30
Let d(a) = -a**2 + 28*a - 53. Calculate d(24).
43
Let g(i) = -i**3 + 9*i**2 + 4*i + 71. Determine g(10).
11
Let j(y) = 2*y**3 - 3*y**2 - 2*y + 3. Give j(3).
24
Let c(z) = z**3 + 7*z**2 - 8*z - 6. Calculate c(-8).
-6
Let z(a) = a**3 - 4*a**2 + 3*a + 2. Determine z(3).
2
Let i(y) = 2*y**2 + 96*y + 4. Determine i(-48).
4
Let m(b) = -2*b**2 + 6*b - 10. Give m(2).
-6
Let s(g) = -g**3 - 7*g**2 - 5*g. Calculate s(-6).
-6
Let u(p) = -2*p**2 - 56*p + 53. Determine u(-29).
-5
Let h(v) = -v**2 + 13. Calculate h(0).
13
Let r(j) = -2*j**3 + 6*j**2 + 2*j - 17. What is r(3)?
-11
Let o(a) = a**2 - 10*a - 4. Determine o(4).
-28
Let l(g) = -g**3 + 5*g**2 - 3*g - 4. What is l(3)?
5
Let i(p) = 2*p**2 - 15*p - 34. Determine i(6).
-52
Let h(u) = -2*u**3 + 2*u**2 + u + 1. What is h(3)?
-32
Let y(m) = m**2 + 21*m + 41. Give y(-12).
-67
Let g(j) = -j**3 + 21*j**2 + 22*j + 4. Give g(22).
4
Let g(d) = -d**3 - 3*d**2 + 4*d + 2. What is g(-5)?
32
Let f(k) = -k**2 - 11*k - 11. Give f(-9).
7
Let w(o) = o + 16. What is w(-22)?
-6
Let i(d) = 7*d - 130. Give i(14).
-32
Let h(x) = x**2 + 15*x + 36. Calculate h(-9).
-18
Let w(d) = -d - 5. Calculate w(3).
-8
Let d(y) = 16*y - 45. Calculate d(3).
3
Let a(n) = n**2 + 9*n - 4. Give a(-8).
-12
Let t(o) = -6*o + 26. Give t(5).
-4
Let r(d) = 11*d - 125. Give r(14).
29
Let c(o) = -2*o**3 - 16*o**2 - 23*o - 12. Calculate c(-6).
-18
Let j(k) = -k**3 - 3*k**2 + 4*k - 3. What is j(-5)?
27
Let x(y) = 2*y**3 - 10*y**2 - 12*y + 20. Determine x(6).
20
Let g(h) = h - 5. Calculate g(5).
0
Let t(m) = -m**2 - 15*m + 126. Determine t(-21).
0
Let l(t) = t**3 - 10*t**2 - 9*t + 14. Determine l(11).
36
Let f(c) = -c**3 + 8*c**2 - 6*c - 2. Give f(6).
34
Let o(v) = v + 15. Determine o(-20).
-5
Let n(i) = -6*i**2 + 68*i + 145. Give n(-2).
-15
Let f(r) = 12*r + 31. Determine f(-7).
-53
Let k(g) = g**2 - 6*g + 24. Give k(6).
24
Let s(t) = t**3 - 12*t**2 + 11*t - 1. Give s(11).
-1
Let k(m) = m**3 + 17*m**2 + 16*m + 4. Calculate k(-16).
4
Let q(d) = -d**3 - 7*d**2 - 7*d - 7. Determine q(-6).
-1
Let j(c) = -c**2 - 3*c - 5. Calculate j(-5).
-15
Let j(m) = 8*m**3 - 4*m**2 + m - 5. What is j(3)?
178
Let j(u) = u**3 + 31*u**2 + 4*u + 121. Calculate j(-31).
-3
Let c(s) = 41*s + 216. What is c(-5)?
11
Let c(z) = z**3 - 72*z**2 - 142*z - 441. What is c(74)?
3
Let u(z) = -3*z - 30. What is u(-7)?
-9
Let b(u) = -u**3 + 9*u**2 - 17*u - 18. What is b(5)?
-3
Let d(b) = -b**3 + 4*b**2 + 3*b - 10. Calculate d(4).
2
Let c(j) = j**2 - 21*j + 52. What is c(21)?
52
Let q(w) = -w**2 + 7. Calculate q(5).
-18
Let v(s) = -6*s + 37. Calculate v(7).
-5
Let i(a) = -a - 2. Determine i(-7).
5
Let a(l) = -10*l**3 - 4*l**2 - 4*l - 2. What is a(-2)?
70
Let z(b) = -14*b**2 - 2*b - 2. Determine z(-1).
-14
Let x(u) = u**3 - 10*u**2 + 5*u + 19. Determine x(9).
-17
Let d(z) = -10*z + 4. What is d(1)?
-6
Let v(j) = -9*j + 7. What is v(-3)?
34
Let c(s) = s**3 - 21*s**2 + 21*s - 15. Calculate c(20).
5
Let w(v) = 3*v**3 - v - 2. Calculate w(-3).
-80
Let i(x) = -x**2 + 9*x - 25. Calculate i(3).
-7
Let u(z) = -2*z**2 + 3. What is u(-3)?
-15
Let t(o) = -3*o**2 - 3*o. What is t(2)?
-18
Let v(m) = -19*m**2 - 8*m - 6. Calculate v(-2).
-66
Let a(w) = w**3 - 7*w**2 + 11*w - 7. What is a(7)?
70
Let a(z) = -2*z - 4. Give a(-6).
8
Let z(u) = 10*u**3 + u**2 + 2*u - 1. Give z(1).
12
Let c(g) = -16*g + 28. Determine c(8).
-100
Let t(z) = 25*z + 557. Calculate t(-22).
7
Let b(m) = -2*m**2 + m + 7. Calculate b(3).
-8
Let p(t) = 5*t**3 + 4*t + 5. Determine p(-2).
-43
Let k(t) = t**3 + 40*t**2 + 35*t - 156. What is k(-39)?
0
Let v(t) = -t**3 - 6*t**2 - 3*t + 1. Determine v(-5).
-9
Let p(m) = m**3 - 15*m**2 - 50*m - 34. Determine p(18).
38
Let l(p) = p**3 - 47*p**2 + 47*p - 51. Give l(46).
-5
Let n(y) = -3*y - 9. What is n(8)?
-33
Let w(i) = -4*i**2 + 12*i - 1. Calculate w(2).
7
Let g(b) = -3*b**3 - 37*b**2 + 30*b + 41. What is g(-13)?
-11
Let n(l) = l**2 + 2*l - 1. Determine n(-3).
2
Let m(d) = -11*d + 1. Determine m(2).
-21
Let n(q) = 10*q - 3. Calculate n(-2).
-23
Let o(p) = -p**3 + 10*p**2 + p - 1. Give o(9).
89
Let r(m) = -m**3 + 15*m**2 - 17*m - 9. Give r(14).
-51
Let l(r) = r**3 + 6*r**2 + 3*r + 3. Calculate l(-5).
13
Let o(p) = 5*p**2 + 11*p + 1. Determine o(-1).
-5
Let j(l) = 7*l + 48. Determine j(-8).
-8
Let y(r) = -3*r - 3. Determine y(7).
-24
Let f(j) = j**3 + 4*j**2 + 4*j + 6. Calculate f(-3).
3
Let b(r) = r**3 - 7*r**2 - 10*r + 16. Determine b(8).
0
Let k(i) = i**3 + 13*i**2 + 9. Calculate k(-13).
9
Let a(f) = -10*f**3 + f**2 + 4*f + 3. Give a(-2).
79
Let z(l) = -l**2 - 11*l - 17. Determine z(-9).
1
Let y(w) = 4*w**3 - 53*w**2 + 16*w - 42. Calculate y(13).
-3
Let z(f) = f - 3. Calculate z(3).
0
Let d(t) = -4*t + 6. Determine d(2).
-2
Let u(x) = x**2 + 24*x + 126. What is u(-7)?
7
Let n(z) = 6*z**3 - 18*z**2 - z - 9. Calculate n(3).
-12
Let v(a) = -2*a**3 + 2*a - 4. What is v(-2)?
8
Let y(b) = b**2 - b - 9. Determine y(3).
-3
Let c(a) = -9*a + 70. What is c(9)?
-11
Let p(x) = -x**3 + 26*x**2 + 27*x - 1. What is p(27)?
-1
Let y(b) = b**3 - 8*b**2 + 5*b + 6. Determine y(7).
-8
Let c(k) = 9*k**2 - 3*k + 2. Determine c(1).
8
Let q(k) = -k**2 + k + 16. What is q(4)?
4
Let f(i) = i**3 - 9*i**2 + 8*i - 5. What is f(8)?
-5
Let s(h) = h**3 - 5*h**2 + 1. What is s(3)?
-17
Let k(q) = -2*q**3 - 15*q**2 - 2*q - 5. Give k(-7).
-40
Let z(x) = -x**3 + 42*x**2 + 3*x - 126. Determine z(42).
0
Let a(r) = -r**2 - 11*r + 3. Give a(-11).
3
Let i(k) = -k**2 - 15*k - 10. What is i(-14)?
4
Let w(r) = -r**3 + 14*r**2 - 10*r + 4. Calculate w(13).
43
Let s(y) = 13*y**2 - 94*y - 18. What is s(7)?
-39
Let c(z) = z**3 - 5*z**2 - 5*z - 9. Calculate c(6).
-3
Let a(q) = 9*q - 89. Determine a(6).
-35
Let m(l) = 51*l**3 + 2*l**2 - l. Give m(1).
52
Let k(l) = -5*l - 116. Calculate k(-23).
-1
Let d(f) = 2*f**2 - 33*f + 114. Determine d(12).
6
Let i(k) = -k**3 + 3*k**2 - 3*k + 5. Give i(4).
-23
Let f(i) = -i**3 + 8*i**2 - 34*i + 123. Give f(6).
-9
Let g(b) = 3*b + 59. Calculate g(-18).
5
Let a(n) = n**3 - 6*n**2 + 6*n - 3. What is a(5)?
2
Let x(b) = -27*b - 52. Determine x(-3).
29
Let v(g) = 2*g**3 + 20*g**2 + 3*g + 26. Calculate v(-10).
-4
Let r(k) = 5*k - 9. Determine r(-3).
-24
Let l(k) = k**3 - 8*k**2 - 11*k - 4. Calculate l(9).
-22
Let o(f) = -f**3 + f**2 + 6*f + 2. Give o(-4).
58
Let u(d) = -d**2 - 4*d - 3. Determine u(-4).
-3
Let n(g) = g**3 + 14*g**2 + 13*g - 11. Determine n(-13).
-11
Let n(c) = -c**3 + 4*c**2 - 5*c + 1. What is n(3)?
-5
Let d(s) = s**3 - 14*s**2 - s + 17. Determine d(14).
3
Let j(c) = -c**3 + 3*c**2 - 3*c + 6. Determine j(3).
-3
Let k(h) = h**2 + 30*h - 37. What is k(-29)?
-66
Let g(n) = -n**3 - 14*n**2 - 21*n - 17. Calculate g(-12).
-53
Let i(b) = -b**2 + 5*b - 4. Determine i(5).
-4
Let h(w) = -3*w**2 - 57*w + 12. Determine h(-19).
12
Let x(o) = 18*o + 3. What is x(-3)?
-51
Let f(a) = -a**2 - 57. Give f(0).
-57
Let n(i) = i**3 - 37*i**2 + 39*i - 122. Determine n(36).
-14
Let s(c) = -c - 14. Give s(1).
-15
Let t(k) = k**2 + 7*k + 20. What is t(-5)?
10
Let w(p) = -p**3 + p**2 + 2*p + 3. Give w(-4).
75
Let z(r) = -2*r**2 + 4*r + 3. Determine z(3).
-3
Let c(g) = -2*g - 10. What is c(-8)?
6
Let z(v) = v**3 + 16*v**2 - 12*v - 196. What is z(-16)?
-4
Let p(z) = -z**3 - 7*z**2 + 2*z + 6. Determine p(-7).
-8
Let y(r) = -8*r + 1. What is y(3)?
-23
Let a(u) = 18*u - 6. Calculate a(1).
12
Let j(d) = -d**3 + 11*d**2 - d - 2. Give j(11).
-13
Let f(t) = -7*t - 10. Determine f(-3).
11
Let b(k) = k**3 + 10*k**2 - 8*k + 24. What is b(-11)?
-9
Let t(x) = -x**3 - 22*x**2 - 13*x + 162. Give t(-21).
-6
Let z(k) = -20*k. What is z(2)?
-40
Let d(a) = 17*a + 3. What is d(-3)?
-48
Let y(z) = -z**2 - 25*z - 156. Give y(-11).
-2
Let b(m) = 2*m**2 + 9*m - 9. Give b(-4).
-13
Let p(j) = -j**2 + 4*j - 5. What is p(5)?
-10
Let m(z) = 70*z + 35. Calculate m(-2).
-105
Let l(b) = b**3 + 16*b**2 + 16*b 